of 32495.
5, 67, 97
List the prime factors of 2471835.
3, 5, 164789
What are the prime factors of 6416556?
2, 3, 199, 2687
List the prime factors of 170260.
2, 5, 8513
What are the prime factors of 13969084?
2, 89, 39239
List the prime factors of 1244150.
2, 5, 149, 167
What are the prime factors of 146029?
13, 47, 239
What are the prime factors of 1040858?
2, 7, 13, 19, 43
List the prime factors of 1945899.
3, 216211
List the prime factors of 1033561.
359, 2879
What are the prime factors of 343248?
2, 3, 7151
List the prime factors of 247244.
2, 113, 547
What are the prime factors of 2516408?
2, 17, 18503
List the prime factors of 1367915.
5, 59, 4637
List the prime factors of 1332120.
2, 3, 5, 17, 653
What are the prime factors of 28154270?
2, 5, 2815427
List the prime factors of 380890.
2, 5, 41, 929
What are the prime factors of 49967?
29, 1723
List the prime factors of 3295605.
3, 5, 219707
List the prime factors of 1020685.
5, 204137
What are the prime factors of 85861?
19, 4519
List the prime factors of 4962977.
4962977
List the prime factors of 3894374.
2, 11, 229, 773
What are the prime factors of 10957443?
3, 7, 109, 4787
List the prime factors of 851493.
3, 283831
List the prime factors of 697513.
697513
List the prime factors of 1129397.
71, 15907
List the prime factors of 11254921.
53, 73, 2909
List the prime factors of 2717652.
2, 3, 7, 32353
List the prime factors of 213989.
213989
List the prime factors of 125168.
2, 7823
What are the prime factors of 4692551?
113, 131, 317
What are the prime factors of 11042984?
2, 83, 16631
What are the prime factors of 4011194?
2, 11, 41, 4447
List the prime factors of 4672612.
2, 7, 109, 1531
List the prime factors of 662283.
3, 19, 1291
List the prime factors of 17210736.
2, 3, 107, 1117
What are the prime factors of 4254147?
3, 157561
List the prime factors of 341616.
2, 3, 11, 647
List the prime factors of 9988631.
37, 103, 2621
What are the prime factors of 2140487?
17, 37, 41, 83
List the prime factors of 3326830.
2, 5, 13, 157, 163
List the prime factors of 29623254.
2, 3, 47, 73, 1439
What are the prime factors of 797633?
797633
List the prime factors of 2960006.
2, 7, 17, 12437
What are the prime factors of 10140013?
13, 53, 14717
List the prime factors of 866804.
2, 139, 1559
What are the prime factors of 2219612?
2, 523, 1061
What are the prime factors of 18010112?
2, 4397
List the prime factors of 251062.
2, 7, 79, 227
List the prime factors of 113404.
2, 28351
What are the prime factors of 1969119?
3, 331, 661
List the prime factors of 13731873.
3, 113, 40507
List the prime factors of 6775928.
2, 17, 49823
List the prime factors of 1408075.
5, 151, 373
What are the prime factors of 26241401?
1579, 16619
List the prime factors of 1918061.
139, 13799
What are the prime factors of 624060?
2, 3, 5, 3467
What are the prime factors of 2276383?
2276383
List the prime factors of 233688.
2, 3, 7, 13, 107
List the prime factors of 5848629.
3, 17, 114679
What are the prime factors of 123722?
2, 61861
What are the prime factors of 88542?
2, 3, 4919
List the prime factors of 210276.
2, 3, 11, 59
What are the prime factors of 1592575?
5, 63703
What are the prime factors of 7350679?
7, 37, 101, 281
List the prime factors of 106411.
106411
What are the prime factors of 794723?
37, 47, 457
List the prime factors of 1314735.
3, 5, 87649
What are the prime factors of 3792?
2, 3, 79
What are the prime factors of 54660?
2, 3, 5, 911
List the prime factors of 12836211.
3, 4278737
List the prime factors of 442619.
442619
What are the prime factors of 14663435?
5, 17, 167, 1033
What are the prime factors of 682649?
11, 229, 271
What are the prime factors of 17408?
2, 17
What are the prime factors of 215251?
19, 11329
List the prime factors of 518842.
2, 259421
List the prime factors of 693011.
11, 251
List the prime factors of 352602.
2, 3, 19, 1031
What are the prime factors of 36681?
3, 12227
List the prime factors of 2744685.
3, 5, 251
What are the prime factors of 1300884?
2, 3, 13, 31, 269
What are the prime factors of 447149?
149, 3001
List the prime factors of 9728008.
2, 509, 2389
List the prime factors of 16931849.
11, 1539259
What are the prime factors of 304864?
2, 7, 1361
List the prime factors of 9027539.
9027539
What are the prime factors of 1159078?
2, 579539
List the prime factors of 614521.
131, 4691
List the prime factors of 206607.
3, 61, 1129
What are the prime factors of 1231656?
2, 3, 19, 37, 73
What are the prime factors of 1438449?
3, 37, 12959
List the prime factors of 352147.
29, 12143
List the prime factors of 1495860.
2, 3, 5, 107, 233
What are the prime factors of 856416?
2, 3, 11, 811
List the prime factors of 1822120.
2, 5, 45553
List the prime factors of 21864040.
2, 5, 11, 17, 37, 79
List the prime factors of 21613.
21613
What are the prime factors of 196182?
2, 3, 7, 173
List the prime factors of 284087.
17, 983
What are the prime factors of 10205055?
3, 5, 7, 10799
What are the prime factors of 6226660?
2, 5, 11, 31, 83
List the prime factors of 28074277.
7, 11, 364601
List the prime factors of 589621.
41, 73, 197
List the prime factors of 675197.
675197
List the prime factors of 17722815.
3, 5, 11, 37, 2903
What are the prime factors of 1530371?
761, 2011
What are the prime factors of 1739292?
2, 3, 144941
List the prime factors of 19105210.
2, 5, 1153, 1657
List the prime factors of 14368667.
14368667
What are the prime factors of 3214933?
19, 41, 4127
List the prime factors of 616737.
3, 11, 1699
What are the prime factors of 5312674?
2, 2656337
List the prime factors of 59242.
2, 19, 1559
List the prime factors of 203558.
2, 17, 5987
List the prime factors of 10155036.
2, 3, 61, 13873
List the prime factors of 1277650.
2, 5, 11, 23, 101
What are the prime factors of 41448?
2, 3, 11, 157
What are the prime factors of 1875148?
2, 11, 19, 2243
List the prime factors of 977278.
2, 488639
What are the prime factors of 951737?
647, 1471
List the prime factors of 448841.
367, 1223
List the prime factors of 85465.
5, 17093
List the prime factors of 669523.
29, 23087
List the prime factors of 4050373.
379, 10687
What are the prime factors of 8902940?
2, 5, 37, 53, 227
List the prime factors of 5721101.
79, 139, 521
What are the prime factors of 1077635?
5, 13, 59, 281
What are the prime factors of 7192592?
2, 11, 40867
What are the prime factors of 16363416?
2, 3, 681809
What are the prime factors of 409813?
409813
What are the prime factors of 15654912?
2, 3, 7, 13
What are the prime factors of 2825931?
3, 163, 5779
List the prime factors of 226243.
233, 971
List the prime factors of 387291.
3, 129097
List the prime factors of 12400601.
12400601
What are the prime factors of 2278500?
2, 3, 5, 7, 31
List the prime factors of 1584868.
2, 396217
What are the prime factors of 2423213?
13, 53, 3517
List the prime factors of 31124.
2, 31, 251
List the prime factors of 2832420.
2, 3, 5, 47207
What are the prime factors of 10839257?
11, 13, 229, 331
List the prime factors of 3152139.
3, 1050713
List the prime factors of 2263847.
2263847
List the prime factors of 98566.
2, 13, 17, 223
What are the prime factors of 488794?
2, 19, 677
What are the prime factors of 241683?
3, 13, 6197
What are the prime factors of 1971094?
2, 985547
List the prime factors of 318600.
2, 3, 5, 59
List the prime factors of 57521.
97, 593
List the prime factors of 114461.
17, 6733
List the prime factors of 3757017.
3, 11, 17, 37, 181
List the prime factors of 16216497.
3, 11, 54601
What are the prime factors of 171459?
3, 19051
What are the prime factors of 364081?
43, 8467
What are the prime factors of 947940?
2, 3, 5, 7, 37, 61
What are the prime factors of 2211612?
2, 3, 13, 14177
List the prime factors of 7254.
2, 3, 13, 31
What are the prime factors of 87285?
3, 5, 11, 23
What are the prime factors of 7174724?
2, 191, 9391
List the prime factors of 95941.
37, 2593
List the prime factors of 2205338.
2, 1102669
What are the prime factors of 623115?
3, 5, 61, 227
List the prime factors of 6404799.
3, 179, 11927
What are the prime factors of 16917?
3, 5639
What are the prime factors of 347595?
3, 5, 23173
List the prime factors of 9556772.
2, 19, 41, 3067
What are the prime factors of 61040?
2, 5, 